= 74. Give q(o).
-6
Let s(m) = -67*m + 50. Let k(i) = 6*i + 1. Let t(b) = -10*k(b) - s(b). What is t(9)?
3
Let v(b) be the second derivative of -b**6/120 + b**5/12 - b**4/6 + 2*b**3/3 + 19*b**2 - 147*b. Let i(w) be the first derivative of v(w). Calculate i(5).
-16
Let v(m) = -619*m - 3. Let z be v(0). Let o(j) = -7*j**2 + 3*j - 9. Let n(f) = -8*f**2 + 4*f - 10. Let r(q) = 6*n(q) - 7*o(q). Give r(z).
3
Let h = -3439 + 3478. Let z(m) = -m**3 + 37*m**2 + 79*m - 34. Determine z(h).
5
Let j be ((-1953)/42)/(1/12). Let g = j + 551. Let y(d) = d**3 + 6*d**2 - 9*d - 8. Give y(g).
6
Let a(u) = -30*u**3 - u**2. Let q be (3/2)/(84/112). Suppose -q*m + 3 = -3*f, 0*f - 5*f + 3*m - 5 = 0. Give a(f).
29
Let n(l) be the second derivative of l**7/420 - l**6/720 - 7*l**4/12 - 8*l**2 - 152*l. Let j(q) be the third derivative of n(q). Give j(-1).
7
Let d(i) = 69 - 13*i - 7 + 3 + 23*i + 35. Give d(-11).
-10
Let l(z) = 4*z - 173 - 31*z - 48 - 18*z. What is l(-5)?
4
Let o(z) = -118*z**2 + 12*z - 12. Let k(n) = 30*n**2 + n - 1. Let m(u) = -4*k(u) - o(u). Calculate m(-8).
16
Let h(q) = -q**3 - 3*q**2 + 3. Let z(c) = c**2 + 15*c - 59. Let t be z(-21). Let n = 63 - t. Calculate h(n).
19
Let j(u) = -u**3 - 62*u**2 - 51*u**2 + 158*u**2 - 14*u + 6 - 60*u**2. What is j(-14)?
6
Let x = -170 + 175. Suppose -k + 5*s = 7, x*s - 11 = -2*k + 5*k. Let y(v) = -3*v**3 + v**2 - v - 1. Determine y(k).
29
Let o(m) = m**2 - 18*m + 31. Let p be 221/156*12 - 1. Give o(p).
-1
Suppose -w - 5*u + 27 = 0, -2*w - 4*u = -3*u - 9. Let o(i) = 17*i**3 - 8*i + 1 - i**w + 9*i - 2*i**3. Determine o(-1).
-16
Suppose 544 = -73*b - 167*b - 2096. Let d(n) = -2*n - 56. Give d(b).
-34
Let x = -9187 - -9187. Let m(b) = 2*b - 12. Determine m(x).
-12
Let n(j) = -j**3 - 12*j**2 + 17*j + 50. Let f be (-416)/(-16)*1/(-2). Calculate n(f).
-2
Let b(q) = -5*q - 63. Let l(p) = -3*p - 69. Let j(o) = 4*b(o) - 5*l(o). What is j(21)?
-12
Let s = -15 + 16. Let p(l) = 5*l**3 - 1. Let x be p(s). Suppose 3*q - x*u - 11 = 0, 3*u = 2*q + 2*u - 9. Let a(k) = k**2 - 4*k + 3. Determine a(q).
8
Let j(b) be the first derivative of 1/4*b**4 + 2/3*b**3 + 0*b - 2*b**2 + 29. Calculate j(3).
33
Suppose 5*s - 29 = 21. Suppose 5*d - 5 = s, -4*d + 14 = -o. Let h(a) = -11*a + 142. Let l(k) = 120*k - 1527. Let b(j) = 43*h(j) + 4*l(j). Determine b(o).
-16
Let p(o) = 32*o - 196. Let h(t) = -893*t + 2685. Let j be h(3). Give p(j).
-4
Let z(q) = 23*q - 291. Suppose 0 = 4*m - 4*w - 26 - 46, 2*m - 41 = 3*w. Give z(m).
8
Let c = 5120 - 5118. Let r(u) = -6 - 5*u**2 - 4*u**2 + 12*u + 0*u**2. Let h(v) = -3*v**2 + 4*v - 2. Let a(l) = -8*h(l) + 3*r(l). Determine a(c).
-6
Let a(p) be the third derivative of 0*p - 9/2*p**3 + 11/24*p**4 + 1/120*p**5 + 0 - 35*p**2. Let h(v) be the first derivative of a(v). Give h(-11).
0
Let b(n) be the first derivative of 4*n + 1/3*n**3 + 1/2*n**2 - 28. Suppose m = 5*m. Determine b(m).
4
Let z(d) = d**3 - 2*d**2 - 9*d + 10. Suppose 189 - 521 = -162*n + 316. Calculate z(n).
6
Let o(x) = x**3 - 6*x**2 + 5. Let y be o(6). Suppose -y*d + 7 = -3. Suppose -d*r - 2*i = 0, 0 = 3*r - 3*i - 0 - 12. Let u(k) = -2*k**2 + 2*k + 2. Give u(r).
-2
Suppose -13*z + 95 = -8*z - 4*u, z + 2*u = 5. Let f(y) = 20*y - 297. Determine f(z).
3
Let d(z) = -44*z**2 + 204*z + 91. Let y be d(5). Let r(j) = -j**2 + 35*j - 263. Calculate r(y).
1
Suppose 9761 - 3579 = 22*j. Let a = -279 + j. Let c(i) = 5*i**2 + 2*i - i**2 + 0*i - 2*i**2 - 3. What is c(a)?
9
Let y be 24/20*4*(-20)/48. Let c(v) = -13*v**2 + 7*v + 2. Give c(y).
-64
Let t(f) = 94*f - 28*f - 7 + 0 - 67*f. Determine t(-2).
-5
Let r(j) = -j**2 + 3*j - 1. Let d be r(4). Let g = -766 - -801. Let f(b) = -g*b + 36*b + 6 - 2 + 0. Determine f(d).
-1
Suppose -7*z + 8 = -3*z. Let p(c) = -5*c**2 + c**2 + 5*c + 2*c**2 - z + 3*c**2. Let w be -4 - ((-24)/(-2))/6. Give p(w).
4
Let r be (-17)/((-68)/8) + 8 + 3. Let d(n) = -2*n - 38*n**2 + 0*n - r - 41*n**2 + 78*n**2. Determine d(0).
-13
Let z(x) = 2241 - 13*x + 2277 - 4522. Determine z(5).
-69
Let n(c) = -c**3 - 8*c**2 - 16*c + 18. Let k be n(0). Let h(g) = g**3 - 18*g**2 - 4*g + 23. What is h(k)?
-49
Let x(j) = -290*j - 27. Let u(q) = 97*q + 4. Let t(m) = 3*u(m) + x(m). Let o be -11*(-1 - (1 - 1)). Calculate t(o).
-4
Let d(g) = -g**3 - 8*g**2 + 7. Let j = -500 + 704. Let z be j/255 - (-44)/(-5). What is d(z)?
7
Let u(y) = y + 2*y - 8 - 7 + 14. Suppose 3*b + 5*g - 12 = 0, -3*b + 2*b + g - 4 = 0. Calculate u(b).
-4
Let n be 133 + 1 + (0/(-2))/(-6). Suppose n*u - 16 = 138*u. Let y(l) = 8*l. Calculate y(u).
-32
Let l = 1925 - 1941. Let n(m) = -m - 2. What is n(l)?
14
Suppose 3*o - d = 3*d + 38, -5*o - 2*d + 46 = 0. Let y be (-9)/((-45)/o) + 2. Let n(m) = 2*m**2 + 7*m**2 - y*m**2. Give n(-1).
5
Let q(k) = -3*k**2 + 5*k**2 + 13 - 4*k**2 - 21*k - 5*k**2. Let i(n) = -3*n**2 - 10*n + 6. Let a = -223 + 214. Let g(x) = a*i(x) + 4*q(x). Calculate g(4).
6
Let f = -14894 - -14883. Let v(m) = -m**3 - 10*m**2 + 9*m + 11. Calculate v(f).
33
Let l(b) = -27*b - 20*b + 65*b - 2 - 2 - 22*b + 5*b**2. Give l(-2).
24
Let v be ((9555/(-26))/21)/((-5)/2). Let b(d) = -d**2 + 4*d + 10. Determine b(v).
-11
Let u(d) = 2*d - 60072*d**2 + 60071*d**2 + 1 - 3 + 12*d - d. Determine u(6).
40
Suppose 9 = -2*n + 1, -108 = -4*s - 3*n. Let o(r) = r**2 - r**3 + r + 56 - s - 23. What is o(2)?
1
Let t(a) be the second derivative of -a**6/60 - a**5/30 + a**4/6 - a**3/3 + 133*a**2/2 - 6*a - 11. Let h(c) be the first derivative of t(c). What is h(2)?
-18
Let q(h) = -17 - 44*h + 2*h**2 + 29 - 42*h + 107*h - 41*h. Calculate q(8).
-20
Let o(c) = -14 + 31 - 15 + c**2 + 6*c - 11. Calculate o(-5).
-14
Let t(b) = 7*b**2 + 64*b + 9. Let d = 103 + -112. Let m be t(d). Let s(q) = q + 7. What is s(m)?
7
Let s = -2921 - -2934. Let v(c) = 6*c - 64. Give v(s).
14
Suppose -r = -9*f + 8*f - 9, -3*r = 4*f + 8. Suppose -r*c - 10 = -2, -4*v = -2*c - 20. Let k(b) = b + 0*b + 0*b + 4. Determine k(v).
8
Suppose -2495 + 2458 = -37*p. Let s(c) = 10*c**2 - 27*c + 1. Calculate s(p).
-16
Let j(b) = 1 + 7 - 4 - 5*b - 49. Give j(-11).
10
Let i(r) = 9 + r + 2*r + 2 - 7 - 1 - 6. Suppose g + 0 - 5 = 0. Calculate i(g).
12
Let m be 12/((-192)/(-176)) + 5*-1 - 6. Let j(f) be the third derivative of 0*f**3 + 1/15*f**5 - 27*f**2 - 1/8*f**4 + 0 + m*f. Determine j(2).
10
Let f(o) be the second derivative of 13*o**4/12 - o**3/6 - o. Suppose -c - 838 + 830 = 0. Let d be (55/(-220))/(2/c). Determine f(d).
12
Let d(j) be the first derivative of j**4/4 + j**3/2 + 33*j**2 + 70. Let i(x) be the second derivative of d(x). Calculate i(-3).
-15
Let g(f) = f**2 - f - 8. Let u = -52 - 24. Let s = 76 + u. Calculate g(s).
-8
Suppose 56*m - 1531 = 444 - 575. Let n(u) be the third derivative of -2/3*u**3 + 0*u + 0 + m*u**2 + 1/24*u**4. Calculate n(3).
-1
Let a(l) = -10*l - 28. Suppose -53 = -376*y + 411*y + 17. Give a(y).
-8
Let b(v) = -v**2 + v - 1. Let z(t) = 5*t**2 + 7*t + 8. Suppose -3*m + 4 = m. Let f(x) = 7*x - 59. Let d be f(9). Let n(c) = d*b(c) + m*z(c). What is n(-10)?
-6
Let v(q) = q**3 + 7*q**2 + 5*q + 6. Let u = -31 + 50. Suppose 13*d - 7 = u. Suppose s + d + 1 = 0, s = 4*z + 21. What is v(z)?
12
Suppose -v + z + 6761 = 6768, 3*v = 2*z - 21. Let w(t) = -t**3 - 7*t**2 + t + 11. Determine w(v).
4
Let k(n) = n**3 + 11*n**2 - 5*n - 14. Let z = -30334 + 30323. Determine k(z).
41
Let i(h) = -h - 5. Let f(b) = 7*b**3 - b**2 - 7*b - 7. Let x(y) = -13*y**3 + 3*y**2 + 15*y + 14. Let a(o) = -5*f(o) - 3*x(o). Let m be a(-1). Give i(m).
0
Suppose 5*i - 29 = 4*p, -9 = -4*i + p + 12. Let h(s) = -s**2 + 6*s + 1. Determine h(i).
6
Let p(v) = 23*v**2 + 12*v + 141. Let x(y) = 6*y**2 + 2*y + 2. Let c(g) = -p(g) + 4*x(g). What is c(15)?
32
Let y(n) = -37*n**3 + 77*n**2 + 1. Let o be y(2). Let b(f) = f**2 - 11*f - 44. Determine b(o).
-18
Let y = -54 + 55. Let g(n) = 301*n**2 + 4*n - 299*n**2 - 2*n + y. Suppose -4*p + p - 3 = 0. Calculate g(p).
1
Let q(v) be the second derivative of -v**5 - v**3/6 - v**2/2 - 3*v. Let r be ((-870)/(-42) - 0) + (-4)/(-14). Suppose 29*j + r = 8*j. Give q(j).
20
Suppose -47 = -5*r + 13. Let y(s) = -149 + s**2 - 162 - 2*s + r*s + 324. Calculate y(-9).
4
Let l be -1 - (8 - 2) - -2. Let m be 2 + 6 + l + 6. Let w(q) = -q**3 + 8*q**2 + 14*q - 6. Give w(m).
39
Suppose 0 = -0*p - 3*p - 3. Let o(a) = a**2 - a + 1. Let x(c) = 5*c**2 - 5*c + 